2 - 289/(-85). Suppose -d = -3*u + 2*u - 7, r*u = d - 22. List the prime factors of n(d).
2, 13
Let v = 233 + -226. Let o(a) = -7*a - 14. Let f(l) = l + 1. Let m(i) = -f(i) - o(i). List the prime factors of m(v).
5, 11
Let d(o) = 2*o**3 + 9*o**2 - 188*o - o**3 - 27 + 185*o. Let b be d(-9). Suppose -v = -b*v - 6. List the prime factors of v.
2, 3
Suppose 5*r - 95552 = 4*k, -k + 76429 = -39*r + 43*r. What are the prime factors of r?
2, 17, 281
Suppose 5*v - 24 = 3*m, 0 = -4*m - 2*v - 2 - 4. Let r be 3/(5 - 8)*(0 + m). Suppose 8 = -2*w, 412 - 138 = r*g + 5*w. List the prime factors of g.
2, 7
Let l(v) = 260 - 4*v**2 - 60 + 5*v**2 + 11*v - 110. List the prime factors of l(-19).
2, 11
Suppose 0 = -8*h + h + 112. Let y be (h + -31)*(0 - (-3)/(-9)). Suppose -c + 2*u + 282 = -2*u, y*u = -3*c + 829. What are the prime factors of c?
2, 139
Suppose 0 = -2*r + 4*p + 144, -2*r - 5*p + 153 + 0 = 0. Suppose 71*b = r*b - 1824. List the prime factors of b.
2, 19
Let g(h) = 66*h + 4227. What are the prime factors of g(11)?
3, 13, 127
Suppose 12*a + 4642 = 370. Let m = 403 + a. List the prime factors of m.
47
List the prime factors of ((-15)/(-6))/(-10 + 243747/24374).
5, 1741
Suppose 4*k = -4*h + 29844, 26*h - k = 28*h - 14920. List the prime factors of h.
7459
Suppose -904*a = -930*a + 333008. What are the prime factors of a?
2, 1601
Let s(n) = -3*n - 37. Let g be s(-16). Suppose g*l - 2250 = 2*l. Suppose 3*u + l = 8*u. List the prime factors of u.
2, 5
Suppose -20*i + 24*i + 2*j = 161540, 40392 = i + 4*j. List the prime factors of i.
2, 631
Suppose -297144 = -22*b + 33*b - 35*b. List the prime factors of b.
3, 4127
Let w be (2/1)/(4/30). Suppose 13*a - 1450 - 2078 = -43*a. Suppose 62*y = a*y - w. List the prime factors of y.
3, 5
Suppose -81*g = -17286 - 650154. What are the prime factors of g?
2, 5, 103
Suppose 4*p - 27 = -3*s, 2*p + 5*s = -2*p + 37. Suppose p*n - 11 = -4*i + 37, 5*n - 80 = 5*i. Suppose n = -o + 146. List the prime factors of o.
2, 5, 13
Suppose -15*v + 87 = -3. Suppose 0 = -7*n - v*n + 4524. List the prime factors of n.
2, 3, 29
Let a(p) = -4*p**3 - 19*p**2 - 12*p + 15. Let f be a(-13). List the prime factors of f/48 + (-35)/(-28).
11
Suppose 4*h + 2*w - 182 = 0, 4*w - 3*w = -3*h + 135. Let p = h - 40. Suppose p*n - 313 = -3*i, 3*n = -2*i + 322 - 113. List the prime factors of i.
103
Let d(i) = 2330*i**2 + 117*i - 5. List the prime factors of d(-3).
2, 11, 937
Suppose 4*f + 5*x - 35788 - 60724 = 0, -2*x + 48254 = 2*f. List the prime factors of f.
3, 11, 17, 43
List the prime factors of (-135713)/(-7) - (17 - (-460)/(-28)).
19387
Let d be (-32)/(3 + 25/(-8)). Suppose -2*y + d = -0*y. What are the prime factors of y?
2
Suppose 2*d + 4*t = -12, 4*t + 24 = -4*d + 5*d. Suppose 0 = x - 4*y + 1, -5*y = -x - 0*y - 1. What are the prime factors of (42/(-3))/(x/d)?
2, 7
Let w be 77/(-22)*2*-2. Suppose 30*v + w = 23*v. What are the prime factors of v + -2 + -2 + 69?
3, 7
Let d(c) = c**2 + 6*c + 23707. List the prime factors of d(0).
151, 157
Let q(h) = -h**2 - 27*h + 30. Suppose -224 = 7*x + x. Let u be q(x). Suppose -3*f + 4*a = -592, -3*a = f - u*a - 188. What are the prime factors of f?
2, 3
Suppose 0 = 99*w - 94*w + 60. List the prime factors of -3146*(-4)/w*(-6)/4.
11, 13
Let v(t) = -t**3 + 25*t**2 - 17*t + 25. Let g be v(22). Suppose 7 = -s + 9, 5*u = s + g. What are the prime factors of u?
13, 17
Let v(q) = -8*q - 40. Let z be v(-5). Suppose z = -30*j + 31*j - 275. List the prime factors of j.
5, 11
List the prime factors of 51320 - (-17 - 57/19).
2, 5, 17, 151
Let x(b) = -464*b**3 + b**2 + 3*b - 5. List the prime factors of x(-3).
7, 1789
Let k = -56762 + 84450. What are the prime factors of k?
2, 3461
List the prime factors of -1 - (-25254)/4 - (-13)/26.
59, 107
Let v(o) = -o**2 - 5*o - 642. Let c be v(0). List the prime factors of -3 - (0 + 1)/(2/c).
2, 3, 53
Let a(w) = -w**3 - 6*w**2 + 18*w + 10. Let d be a(-8). Let m be 2/d + (-5747)/21. List the prime factors of m/8*-2 - 24/16.
67
Let a be ((-462)/49)/(-2) - (-4)/14. Suppose -3*c + 4*m = -2125, c + a*m - 2823 = -3*c. What are the prime factors of c?
7, 101
Let o be (4 + (-70)/21)/((-2)/(-132)). Suppose -25 = 5*f, -2*c + 5*c + o = -4*f. List the prime factors of -1*545/20*c.
2, 109
Suppose t + 2*t + 4*i = 5153, -4*t + 3*i + 6829 = 0. Suppose -3*x + t = j, -6*x + 3*x = 5*j - 1703. List the prime factors of x.
571
Let w be (126/(-4))/(-6*9/108). Suppose 3392 = 4*m - 4*z, 4*m + 58*z - 3394 = w*z. List the prime factors of m.
2, 3, 47
Suppose 0 = -3*x + 31 + 11. List the prime factors of (-7 + (-667)/(-7))/(1/x).
2, 3, 103
Suppose 5*p + 3*y + 0*y + 64 = 0, -p - 4 = 5*y. Suppose 0 = -5*h - 3*l + 1071, 2*l + 9 = 3. List the prime factors of (h/16)/((-1)/p).
3, 7
Suppose 0 = -3*l - 12, 0 = -14*c + 11*c + 4*l + 24796. What are the prime factors of c?
2, 5, 7, 59
Suppose 73*l - 59*l - 807814 = 0. List the prime factors of l.
7, 8243
Let a(h) = -516*h + 323. What are the prime factors of a(-8)?
4451
Let h(c) = c**3 + 2*c**2 + 2*c - 3. Let v be h(12). Let f = -869 + v. What are the prime factors of f/15 - 4/(-30)?
2, 3, 13
What are the prime factors of 32/(-288)*-188469 + (-2)/((-6)/3)?
2, 37, 283
Let z(o) be the first derivative of -8*o**2 - 166*o - 113. List the prime factors of z(-28).
2, 3, 47
Let m(b) = 11*b - 37*b + 57 - 13*b - 30*b. Let o be m(-12). Suppose c - 210 = 3*d, 3*c + 2*d + 222 - o = 0. List the prime factors of c.
3, 73
Suppose 70*i - 66*i = 32. List the prime factors of (8 - i) + 410 - 3/1.
11, 37
Suppose 5*g - 5*d = 355, -193 = -4*g + 5*d + 87. Let x = -58 + g. What are the prime factors of x?
17
Let t(m) = 84*m + 70. Let h be (-39)/65 - 132/(-20). What are the prime factors of t(h)?
2, 7, 41
Suppose -22*d + 30*d - 232 = 0. Let v = d + 48. What are the prime factors of v?
7, 11
Let y(q) = -2*q**2 + 407*q - 1072. What are the prime factors of y(145)?
23, 691
Let p(f) = f**2 - 27. Let s be 6/(-9)*(-1 + 26 + -4). Let x = -1 - s. What are the prime factors of p(x)?
2, 71
What are the prime factors of 2119 + 3/(18/48)?
3, 709
Suppose -17*r + 20*r - w - 32270 = 0, -2*w - 43026 = -4*r. What are the prime factors of r?
31, 347
Let j(m) = -3*m - 1. Let b be j(10). Let o = 31 + b. List the prime factors of 177 - (3 + o + -4 + 2).
2, 11
Let a(k) = -k**3 - 8*k**2 - 3. Let y be a(-8). Let l be (4 - (6 + (-8)/4))/y. Let m(x) = 13*x + 267. List the prime factors of m(l).
3, 89
Let r = 890 + -885. Suppose k + r*u = 800 - 127, u = -3*k + 2089. List the prime factors of k.
2, 349
Let m(v) = 76*v - 31. Let k be m(17). List the prime factors of (-20)/80 - k/(-4).
3, 5, 7
Let n(f) = -f**3 + 87*f**2 - 362*f + 37. List the prime factors of n(81).
17, 593
Let q = 167 - 109. Let i = 52 - q. Let p = i - -101. What are the prime factors of p?
5, 19
Suppose -185 = -3*m - 2*m. Suppose 66*b = 36*b + 150. Suppose -b*f = -4*q + 1 + m, -f = q - 5. List the prime factors of q.
7
Let p(y) = 2*y**2 - 13*y + 10. Let a be p(6). Suppose 0 = -5*g - a*i + 1728, 1026 = 3*g - i - 2*i. What are the prime factors of g?
2, 43
Let b = 71 - 73. Let h be 1*18/4*(b - -4). List the prime factors of -458*(-2)/h - 24/(-108).
2, 3, 17
List the prime factors of 2 - (3561*-1)/(312/2912).
2, 16619
Let n(r) = 6*r**3 - 25*r**2 - 83*r + 25. List the prime factors of n(19).
30577
What are the prime factors of ((-4)/(-3))/(6/15)*29034/5?
2, 3, 1613
Let s(o) = o**3 - 26*o**2 + 105*o - 201. List the prime factors of s(23).
3, 11, 19
Suppose 0 = -3*u + 19*u - 10608. Let c = u + -297. List the prime factors of c.
2, 3, 61
Let n(s) = -60*s + 11. Let d be (-1 - -4)*(-35 - -34). What are the prime factors of n(d)?
191
Let s = -71 + 33. Let l = -47 - s. What are the prime factors of 9 + (24/(-9))/((-6)/l)?
5
Let h(a) = a**3 - 3*a**2 + 8*a - 21. Let k be h(3). Suppose k*v + 99 = 3*m - 1800, -4*m + 3*v + 2529 = 0. List the prime factors of m.
2, 3, 5, 7
Let q = -31 - -46. Let y(v) = v**3 - 15*v**2 + 4*v + 10. Let z be y(q). Suppose -3*h + z = -3*l - 185, 0 = 5*h - 4*l - 428. List the prime factors of h.
2, 11
Suppose -5*c = 4*c - 4*c. Suppose c = 4*y + 4*s - 2576, 9*y - 14*y = s - 3212. What are the prime factors of y?
2, 3, 107
What are the prime factors of ((-452)/(-8) + 5)*(-3342)/(-9)?
41, 557
Suppose -530535 = -18*c + 62*c - 1559783. List th